11111000 - 10111100111?
1110100010100010001
In base 2, what is 111101 + 11010100001000101101?
11010100001001101010
In base 5, what is -21344042013 - 2?
-21344042020
In base 7, what is 10443 - -6322?
20065
In base 14, what is -470 - 492?
-922
In base 3, what is 12011011222022 + -2?
12011011222020
In base 16, what is -ad2 + 61c?
-4b6
In base 15, what is -d - -44e198b?
44e197d
In base 7, what is -30 - -161124?
161064
In base 7, what is 42130526 - -32?
42130561
In base 13, what is -116 + 20b3?
1c9a
In base 7, what is 3150610 + -1460?
3146120
In base 10, what is -37516 - 5511?
-43027
In base 14, what is -aa7ca65 - 2?
-aa7ca67
In base 13, what is -470 - -10a00?
10560
In base 9, what is -88 - -1332507?
1332408
In base 16, what is -1764 + 109?
-165b
In base 6, what is 151043 + 25000?
220043
In base 5, what is 244 - -1444234?
2000033
In base 14, what is -53b2136a - -5?
-53b21365
In base 2, what is 110110 + 1011101011110110111100?
1011101011110111110010
In base 16, what is 6 - -b6eba2?
b6eba8
In base 8, what is -233464 + 176?
-233266
In base 16, what is -24fc - 906?
-2e02
In base 10, what is -429074 + 522?
-428552
In base 13, what is 6 - 43a20?
-43a17
In base 2, what is 110101110101000001100 + 1010?
110101110101000010110
In base 16, what is -1268 - -994?
-8d4
In base 4, what is 1232003 + 2120?
1300123
In base 4, what is 311322030323 - -20?
311322031003
In base 4, what is 23 - -32102112312?
32102113001
In base 10, what is 1251557549 + 5?
1251557554
In base 14, what is -4 + 4dc6168?
4dc6164
In base 4, what is 102 + -300112320223?
-300112320121
In base 13, what is 1 - 1079374?
-1079373
In base 15, what is -36 + -15201?
-15237
In base 11, what is 206 + -40020?
-3a915
In base 11, what is 1a3 - -22a37?
2312a
In base 15, what is 84d - -1656?
1ea4
In base 5, what is 13113 - 104323?
-41210
In base 12, what is -2801 + -21192?
-23993
In base 10, what is -342 + -346148?
-346490
In base 9, what is -226730 - -32?
-226687
In base 11, what is -2331200 + 90?
-2331120
In base 3, what is -1020201 + 20021210110?
20020112202
In base 16, what is -72338 + -2?
-7233a
In base 10, what is 52870 - 2?
52868
In base 5, what is -4 - -3121222444?
3121222440
In base 2, what is 101110011 - -1001101001001111?
1001101111000010
In base 10, what is -2071424 - -191?
-2071233
In base 6, what is 13542 - -30230?
44212
In base 5, what is 43010121 - -2320?
43012441
In base 3, what is -110211202102211 - 20?
-110211202110001
In base 12, what is -62010 + 9?
-62003
In base 13, what is 80142 - 34?
8010b
In base 10, what is -286515 - 14?
-286529
In base 8, what is -15037663 - 2?
-15037665
In base 15, what is -70b5 - -106?
-6eae
In base 6, what is 104205415 + 11?
104205430
In base 14, what is 4 + c34336?
c3433a
In base 8, what is 0 - 51013330?
-51013330
In base 8, what is -3703 + 102052?
76147
In base 4, what is -10 + 310022210021?
310022210011
In base 15, what is 5 - -397b74?
397b79
In base 13, what is -399572 + 1a?
-399555
In base 6, what is -4 - -355252220?
355252212
In base 12, what is -8754b53 + 11?
-8754b42
In base 13, what is -319994 + -30?
-3199c4
In base 14, what is -8b991 + 65?
-8b92a
In base 13, what is -6a - -7121?
7084
In base 2, what is -1000010100 - 1010110010011010101?
-1010110011011101001
In base 16, what is -4015c - 48?
-401a4
In base 12, what is -1 - -104ab9104?
104ab9103
In base 12, what is 12938966 - -5?
1293896b
In base 5, what is -1 - 32013233?
-32013234
In base 13, what is 45b19 + 4c?
45b68
In base 9, what is -33236174 + -6?
-33236181
In base 6, what is -50245 + 121513?
31224
In base 15, what is 1 - -5c811b8?
5c811b9
In base 8, what is 376354 - -107?
376463
In base 13, what is -5 - 10727a2b?
-10727a33
In base 12, what is -430028 + 237?
-42b9b1
In base 3, what is -10011110202 - 1120?
-10011112022
In base 11, what is -2aa45a5 + -1?
-2aa45a6
In base 8, what is 2 + 540442454?
540442456
In base 10, what is 24054 + -306?
23748
In base 5, what is 3 + -12010041423?
-12010041420
In base 9, what is 7557 + 658?
8326
In base 15, what is 3c4 + 24c4c?
25121
In base 8, what is -1 - -3144567?
3144566
In base 12, what is 4 + 48ab9?
48b01
In base 6, what is -12314 - 43450?
-100204
In base 6, what is 525505542 + 14?
525510000
In base 14, what is -1d242 + -33?
-1d275
In base 11, what is -707291 - -36?
-707256
In base 4, what is 332000133 - 10102?
331330031
In base 8, what is 144367 + 661?
145250
In base 16, what is 38bb5 + 21?
38bd6
In base 11, what is -706a - 10285?
-17344
In base 10, what is 0 + 143807?
143807
In base 8, what is 1421 - 2201015?
-2177374
In base 15, what is c + -b95133?
-b95126
In base 4, what is 102 + 2003231131?
2003231233
In base 15, what is -73e + 2d3?
-45b
In base 4, what is 10120330333113 + -3?
10120330333110
In base 14, what is 2b + -6269a?
-6266d
In base 13, what is -88 + 131179?
1310c1
In base 7, what is -550233452 + -1?
-550233453
In base 2, what is 101110110010111111001010 - -10001?
101110110010111111011011
In base 3, what is 11010122110200121 - 12?
11010122110200102
In base 10, what is -5 - 7632046?
-7632051
In base 14, what is 40 - 26d7d?
-26d3d
In base 10, what is 7 - -40710?
40717
In base 16, what is -3d46 + 1c96?
-20b0
In base 5, what is -1422 - -4000403?
3443431
In base 8, what is 2635315361 + -4?
2635315355
In base 16, what is -1 + 88ff8b6?
88ff8b5
In base 6, what is -1312254123 - -23?
-1312254100
In base 8, what is 7473603 - -172?
7473775
In base 8, what is -110431432 - -4?
-110431426
In base 4, what is -21030112111202 + -2?
-21030112111210
In base 2, what is -1100 + -101011000110011110100?
-101011000110100000000
In base 15, what is e55e + 586?
eae5
In base 6, what is -25145151455 - 4?
-25145151503
In base 16, what is 8a7f + ac?
8b2b
In base 5, what is -113113222 + 34?
-113113133
In base 7, what is -60 - 11504545?
-11504635
In base 14, what is -33b0c - 4d?
-33b5b
In base 4, what is -221311033100300 + 0?
-221311033100300
In base 16, what is 0 + e7ca1c?
e7ca1c
In base 6, what is -12 - 1415154043?
-1415154055
In base 16, what is -20f5a10 - f?
-20f5a1f
In base 15, what is 3b5d - 4a9?
36a4
In base 8, what is 342 - 300445?
-300103
In base 10, what is 2 + -110331342?
-110331340
In base 12, what is -b5a756 - -9?
-b5a749
In base 9, what is -10618135 + 0?
-10618135
In base 4, what is -3112203222230 + -3?
-3112203222233
In base 6, what is -12425 + -12033?
-24502
In base 13, what is 4ac4 + -114c?
3975
In base 12, what is 7639444a + -5?
76394445
In base 16, what is 55e + -1e63?
-1905
In base 7, what is -1434426514 - 15?
-1434426532
In base 3, what is -110221202012221 + -11?
-110221202020002
In base 6, what is -50200 + 144?
-50012
In base 3, what is -1020 - -11102022000?
11102020210
In base 4, what is -31103122 + 103?
-31103013
In base 14, what is 308639 + 86?
3086c1
In base 13, what is 21700 + -81?
2164c
In base 11, what is 27 - -13432249?
13432275
In base 6, what is 4041 + 1023215?
1031300
In base 6, what is 215 + -1520045143?
-1520044524
In base 8, what is -12 - -5162316?
5162304
In base 16, what is 13dcc - 32?
13d9a
In base 8, what is -5252 + -15235?
-22507
In base 2, what is -11001101010100011110 - 11?
-11001101010100100001
In base 8, what is 636217 - -31?
636250
In base 12, what is 933935 - a?
933927
In base 15, what is 610 - 176?
489
In base 15, what is -33a8 - -407d?
bc5
In base 12, what is 3 + 82b468?
82b46b
In base 9, what is -2848 - 5402?
-8351
In base 11, what is -4785240 - 4?
-4785244
In base 15, what is 9293a + -a9e?
91d8b
In base 10, what is 4 - 15981755?
-15981751
In base 8, what is -1 + -113413255?
-113413256
In base 5, what is -12123342303 - 2?
-12123342310
In base 11, what is -a5 - -374240?
374146
In base 5, what is -1 + 1130142232321?
1130142232320
In base 11, what is -704 - 8687?
-9290
In base 8, what is -7266 - -27363?
20075
In base 14, what is -84a1 + -566?
-8a27
In base 5, what is 130012404 + -30?
130012324
In base 15, what is -1cc88 - 8b3?
-1d64b
In base 16, what is 1e17 - b5?
1d62
In base 13, what is 12 + 368c50?
368c62
In base 15, what is 67837460 - -5?
67837465
In base 4, what is -200 - 1322002300123?
-1322002300323
In base 9, what is -2727367 - -16?
-2727351
In base 13, what is -255 + -ac710?
-ac965
In base 16, what is -e160c + -8e?
-e169a
In base 11, what is -19 - -509829?
509810
In base 10, what is 2973 + 21729?
24702
In base 8, what is 232